be m(13). Let r(k) = 3*k**2 + 9*k + 6. Let o be r(a). What is the highest common divisor of o and 12?
6
Let n = 8 - 17. Let v = n - -3. Let w be (-663)/v - 9/(-6). Calculate the highest common factor of w and 14.
14
Suppose -8 = -4*f - 4*f. Let a(g) = 3 - 4 + 6*g**3 + g**3. Let s be a(f). Calculate the greatest common divisor of s and 9.
3
Let c be -5 - -1 - (-216 + 2). Suppose 0 = 2*t - c. Let g be (-3)/(3/30*-2). What is the greatest common factor of t and g?
15
Suppose -13*p - 765 = -5029. Calculate the greatest common divisor of 16 and p.
8
Suppose 20 = -t + 11. Let z be 23 + (-4)/(1 + 1). Let u = z + t. What is the highest common divisor of u and 2?
2
Suppose -3*h - 6 = -9. Let u = -1 + h. Suppose u = -6*v - 49 + 133. Calculate the greatest common divisor of v and 28.
14
Suppose 0 = -k + 3*k - 40. Let l = 29 - k. Let c(q) = 62*q**3 + 2*q**2 + q - 2. Let m be c(1). What is the highest common divisor of m and l?
9
Let w be 27414/99 + 10 + (-1)/(-11). Calculate the highest common divisor of 533 and w.
41
Suppose 7*v = v + 18. Suppose 0*j + 24 = v*j. Calculate the highest common divisor of 6 and j.
2
Let a(u) = -365*u**3 - u**2. Let w be a(-1). Calculate the highest common factor of 52 and w.
52
Let s = 21 + -25. Let j(q) = 2*q**2 + 3*q + 14. Let w be j(s). What is the greatest common factor of 238 and w?
34
Let y be 4 + -3*20/6. Let w be 130/3 - y/9. Calculate the greatest common factor of 11 and w.
11
Suppose 4 = -3*w + 13. Let z be 17 - (4 - 0)/4. Let t be ((-12)/z + (-2)/8)*-21. What is the highest common factor of t and w?
3
Suppose -3*c + 2*c = -13. Let i be (-371)/4 + (-3)/12. Let z = 145 + i. Calculate the highest common divisor of z and c.
13
Let h be 4/(60/(-25)) - 101/(-3). Calculate the greatest common factor of 160 and h.
32
Let c be 162/2*(-11 - -18 - 4). What is the greatest common divisor of c and 108?
27
Let q = -112 - -118. What is the greatest common factor of 10 and q?
2
Let t = 31 + -19. Let w be (2 - 3)*80 + -1. Let d be 3 + (w - 0)/(-1). What is the greatest common factor of t and d?
12
Let c = 1712 - 982. What is the greatest common factor of 20 and c?
10
Let n = 530 - 470. Calculate the highest common factor of n and 180.
60
Suppose 0 = 2*g + 5*d - 3457 - 702, -3*g + 6225 = 3*d. What is the highest common factor of g and 56?
56
Let b = 40 - 24. Let c = b - -8. Calculate the greatest common factor of 4 and c.
4
Suppose 0 = -n + 3*p + 9, -3*n + 5*p + 17 = 6*p. Let z be 30/n*(-32)/(-10). Calculate the greatest common divisor of 128 and z.
16
Let h be 0/(-2) - -9 - 2. Suppose -5*r + 4*r = -l - 52, 0 = -5*r - 4*l + 296. Suppose 42 - r = -w. Calculate the highest common divisor of h and w.
7
Let a(h) = -h**2 + 28*h - 144. Let i be a(12). Calculate the highest common factor of 24 and i.
24
Let i be (-2*40/(-12))/((-2)/(-15)). Calculate the greatest common factor of i and 25.
25
Let k be (-2)/(7 + -1)*-9. Suppose -4*h = 3*x - 59, -k*x + 38 = -3*h - 28. Calculate the greatest common divisor of x and 7.
7
Let o be (-16)/((-16)/3) - 2/(-1). What is the highest common divisor of o and 2?
1
Suppose 0 = -2*t + 4 - 0. Suppose -11 + 3 = -2*z + 2*q, -5*z - q = -t. Let b be 18/(4 + -1)*(-3)/(-9). Calculate the greatest common factor of z and b.
1
Let d(s) = -s**2 - 8*s - 2. Let f be d(-4). Let v = 87 + -52. What is the highest common divisor of f and v?
7
Let b = -2395 + 2488. Calculate the highest common factor of b and 3441.
93
Let q be (2 + -6)*3/(-4). Let z be (2 - q)/((-1)/15). What is the greatest common factor of z and 3?
3
Let m be ((-77)/(-28) - -9) + 1/4. What is the greatest common factor of 108 and m?
12
Suppose 48*c = 51*c - 120. Suppose 16 = 2*l - l. Calculate the highest common factor of l and c.
8
Let y be 636/(-9)*(-15)/10. Let u = -70 + y. Let z be 6 - 1/(2/4). Calculate the greatest common divisor of z and u.
4
Let m = -39 - -41. Suppose 4*g - 66 = 2*x, 0 = 5*g - x - m*x - 84. Let k = 269 - 104. Calculate the greatest common divisor of k and g.
15
Let z be (-10 - -7) + (14 - 0) - 2. What is the highest common divisor of z and 3?
3
Let z(n) = n**3 - 8*n**2 + 13*n + 4. Let i be z(7). Let v be (1 + -2)/(1/(-506)). Calculate the highest common factor of v and i.
46
Suppose r - 203 = -3*v, -v - 5*r - 27 = -118. What is the highest common divisor of 6 and v?
6
Suppose 0 = 7*x - 363 - 2437. What is the highest common divisor of 16 and x?
16
Let c be 4/12 + 416/12. Let f be 2/(-7) - (-1165)/c. What is the highest common divisor of f and 11?
11
Let g be 4/8*-2 + 30/2. Let z be (-7)/(3/3)*21/(-3). Calculate the greatest common factor of g and z.
7
Let y = 212 - -292. What is the highest common divisor of 144 and y?
72
Let t(d) = -10*d + 1. Suppose 2*a + 21 + 14 = -5*z, -2*a = -3*z - 5. Let x be t(a). What is the highest common divisor of 34 and x?
17
Let g be ((-100)/(-16))/(3/(-12)). Let x = 63 - 104. Let r = g - x. What is the highest common divisor of r and 16?
16
Let s(j) = 7*j**2 + 8*j - 9. Let i(p) = -3*p + 1. Let c be i(-1). Let w be s(c). What is the highest common divisor of 15 and w?
15
Let d be (-150)/(-45)*(-6)/(-4). Suppose -d*t - m + 44 = -8, 2*t - 16 = 2*m. Suppose -b + 17 = -t. What is the highest common divisor of b and 9?
9
Let m be ((1 - 0) + -3)*-3. Let s(f) = 2*f**3 + 8*f**2 + 6*f + 12. Let k be s(-6). Let i = -153 - k. What is the highest common factor of m and i?
3
Let l be (-8749)/(-195) - 14/(-105). What is the highest common divisor of 1230 and l?
15
Let c(v) = 8*v + 16. Let p be c(14). Calculate the greatest common divisor of p and 8.
8
Let o(x) = x + 15. Let g be o(-13). Suppose 0 = u - 2*v - 18 + 5, 5*v = -5*u + 5. What is the highest common factor of g and u?
1
Suppose 12*p = 29*p - 170. What is the highest common factor of 2 and p?
2
Suppose 5*b + 0*i = 3*i + 81, -3*b - 4*i = -66. Let u = 20 - b. What is the greatest common factor of u and 2?
2
Let f(h) = 2 + 6*h - 4*h + 4*h. Suppose 2*p - 26 = -5*d, -d + 12*p = 9*p + 5. Let k be f(d). Calculate the greatest common divisor of 104 and k.
26
Let w = 4 + -4. Suppose w = u + u - 20. Let v(c) = 47*c + 391. Let a be v(-8). What is the highest common divisor of a and u?
5
Let c = 11 - 7. Let v(y) = y - 10. Let s be v(15). Suppose 31 = s*x - 19. What is the greatest common factor of c and x?
2
Suppose -6*c = -15*c + 1188. Calculate the greatest common divisor of 4 and c.
4
Suppose 143*c = 118*c + 2050. Calculate the highest common factor of c and 656.
82
Let b = 28 + -7. Let t(p) = -41*p + 25. Let r be t(-4). Calculate the greatest common factor of b and r.
21
Let z = -276 + 418. Calculate the greatest common divisor of z and 2.
2
Suppose 0 = -6*m + 37 + 77. Let k be (-3)/6*190*-1. What is the highest common divisor of k and m?
19
Let o = 38 + -40. Let a be (27/(-12))/(o/16). What is the highest common divisor of a and 54?
18
Let s(u) = -u**2 + 15*u + 2. Let w be s(17). Let y = w - -40. Calculate the highest common factor of 1 and y.
1
Let k(y) = -4*y**3 - 4*y**2 - 2*y + 3. Let z(l) = l**3 + l - 1. Let m(s) = k(s) + 2*z(s). Let t be m(-3). Calculate the highest common divisor of 19 and t.
19
Let b(c) = c**3 + 4*c**2 - 7*c + 5. Let o = -22 - -17. Let l be b(o). What is the highest common divisor of l and 15?
15
Suppose t + 2490 = 4*t. Suppose -3*r - b + 1252 = -0*b, 4*b = 2*r - t. Let s = -291 + r. Calculate the highest common factor of 14 and s.
14
Suppose 7498*f + 32 + 4 = 7510*f. Let g(d) = -d**3 - d + 2. Let n be g(0). What is the highest common factor of f and n?
1
Let n = -18 - -18. Suppose 3*i - 8*i + 60 = n. What is the highest common divisor of 24 and i?
12
Suppose -13 = 5*w - 48. Suppose 12*s - 560 = 364. Let y = -63 + s. What is the greatest common factor of y and w?
7
Let j(k) = -2*k**2 + 57*k + 4. Let y be j(27). Calculate the highest common divisor of y and 17.
17
Let p = -305 + 381. Calculate the greatest common factor of p and 342.
38
Let x(b) = b**2 - 16*b + 66. Let g be x(7). What is the highest common factor of 81 and g?
3
Suppose -19 = -5*q + 4*v, -4 = 3*v + v. What is the highest common divisor of 3 and q?
3
Suppose 38*y + 261 = 5581. Calculate the greatest common divisor of y and 490.
70
Let w(t) = -24*t - 91. Let f be w(-18). What is the greatest common factor of 11 and f?
11
Suppose 4*x = -2*g + 270, 12 = -6*g + 10*g. What is 